s 1278 divide 19855543?
False
Does 51 divide 373345959?
True
Does 13 divide 3848328084?
False
Is 94096238 a multiple of 3890?
False
Does 12 divide 88505696?
False
Is 120 a factor of 15657619?
False
Is 128 a factor of 544000?
True
Does 17 divide 368295615?
False
Is 3070860 a multiple of 155?
True
Is 4582432311 a multiple of 15?
False
Is 65 a factor of 236199148?
False
Is 2061417006 a multiple of 5885?
False
Does 49 divide 1454708007?
False
Is 2689142 a multiple of 64?
False
Does 619 divide 9073755?
False
Does 15 divide 3676265?
False
Does 84 divide 29221752?
True
Is 1028293032 a multiple of 24?
True
Does 36 divide 598344169?
False
Is 148055290 a multiple of 5?
True
Is 95 a factor of 851885140?
True
Is 60 a factor of 334518180?
True
Is 265777875 a multiple of 825?
True
Does 76 divide 1610938803?
False
Is 13509184 a multiple of 26?
True
Does 3729 divide 73662666?
True
Does 3735 divide 662398515?
True
Is 20453022 a multiple of 200?
False
Does 3485 divide 88139135?
True
Does 75 divide 35780025?
True
Does 176 divide 24446343?
False
Is 7 a factor of 72474870?
False
Is 9 a factor of 31939614?
True
Is 4408548 a multiple of 6?
True
Is 107472060 a multiple of 3285?
True
Is 477 a factor of 187570710?
True
Does 241 divide 872156707?
False
Is 12 a factor of 494743679?
False
Is 53930167 a multiple of 16?
False
Is 1994154988 a multiple of 15?
False
Is 282132701 a multiple of 27?
False
Does 47 divide 15828972?
False
Is 988661555 a multiple of 581?
True
Is 7 a factor of 102780828?
False
Does 4 divide 31758114?
False
Is 2955264 a multiple of 6?
True
Does 88 divide 106132312?
True
Is 56 a factor of 3616480?
True
Is 8 a factor of 711264?
True
Is 4037113037 a multiple of 19?
False
Is 14 a factor of 482550189?
False
Is 5283475 a multiple of 5?
True
Does 159 divide 9127713?
True
Is 8 a factor of 25158474?
False
Is 1108793718 a multiple of 15?
False
Is 33200544 a multiple of 104?
True
Is 1062 a factor of 895473027?
False
Does 4 divide 99631076?
True
Is 2900043700 a multiple of 305?
True
Is 133451388 a multiple of 54?
True
Does 104 divide 1669095832?
False
Is 28428419 a multiple of 224?
False
Is 8 a factor of 132221992?
True
Is 2940 a factor of 539457660?
True
Is 5898323 a multiple of 9?
False
Is 12 a factor of 15221194?
False
Is 192 a factor of 636163352?
False
Is 707 a factor of 122145327?
False
Is 23 a factor of 24669133?
True
Is 25104459 a multiple of 59?
False
Is 41 a factor of 8610190?
False
Is 19 a factor of 198006980?
True
Is 93705802 a multiple of 106?
True
Does 739 divide 194300097?
True
Does 4 divide 10822591?
False
Is 24 a factor of 5704440?
True
Does 1078 divide 338317614?
False
Is 6 a factor of 117009106?
False
Is 45520244 a multiple of 44?
True
Is 498 a factor of 21644558?
False
Is 4189213 a multiple of 17?
False
Is 539761752 a multiple of 18?
True
Is 1001743866 a multiple of 85?
False
Is 4686502358 a multiple of 2524?
False
Does 1899 divide 2092620141?
True
Is 1741167648 a multiple of 3124?
True
Is 69542704 a multiple of 77?
True
Does 24 divide 3493920?
True
Is 134483168 a multiple of 16?
True
Is 21 a factor of 120495184?
False
Is 14567742 a multiple of 21?
True
Does 12 divide 131644268?
False
Does 6 divide 7562461?
False
Is 48031310 a multiple of 32?
False
Does 1574 divide 41212796?
False
Is 31387004 a multiple of 31?
True
Is 78 a factor of 451491222?
True
Is 7228259 a multiple of 13?
False
Does 95 divide 140013488?
False
Does 10 divide 28595270?
True
Is 14 a factor of 845858054?
False
Is 43 a factor of 2279649?
False
Is 94 a factor of 453899304?
True
Is 6 a factor of 895503?
False
Is 502843952 a multiple of 442?
True
Does 157 divide 1569935316?
True
Is 1304589108 a multiple of 8661?
True
Does 22 divide 111646495?
False
Does 209 divide 136126573?
False
Does 12 divide 78127668?
True
Is 17 a factor of 182876069?
False
Is 22 a factor of 4706637518?
True
Does 7 divide 16541085?
False
Is 61603932 a multiple of 156?
True
Is 6003 a factor of 1933152093?
True
Does 58 divide 28892343?
False
Does 45 divide 55515105?
True
Does 155 divide 3488222122?
False
Is 1567615 a multiple of 70?
False
Is 1470417912 a multiple of 4824?
True
Is 3869 a factor of 100029126?
True
Does 4761 divide 2214368151?
False
Is 4036122 a multiple of 1882?
False
Is 12148 a factor of 2044314032?
True
Does 145 divide 7415155?
True
Is 1684113529 a multiple of 18?
False
Is 367 a factor of 151336120?
True
Is 27 a factor of 1865427651?
True
Is 547 a factor of 51633084?
False
Is 704549395 a multiple of 9?
False
Is 925 a factor of 148131043?
False
Is 246724227 a multiple of 5503?
False
Is 1512 a factor of 22931008?
False
Does 291 divide 591409?
False
Is 2672 a factor of 14380704?
True
Is 83 a factor of 114721134?
False
Is 21842912 a multiple of 525?
False
Is 380 a factor of 39211060?
True
Is 1311116389 a multiple of 455?
False
Is 49430535 a multiple of 55?
True
Is 19399016 a multiple of 8?
True
Does 48 divide 1702227809?
False
Is 108 a factor of 1045105740?
True
Is 4 a factor of 19401140?
True
Does 67 divide 35385983?
True
Does 3804 divide 212746308?
True
Is 253072831 a multiple of 121?
True
Does 8 divide 1198576?
True
Is 96687479 a multiple of 29?
True
Is 33 a factor of 185839?
False
Does 11 divide 9323171?
True
Does 584 divide 1253848?
True
Does 385 divide 168065975?
True
Does 3 divide 16458699?
True
Is 94173273 even?
False
Is 4 a factor of 609894880?
True
Does 1307 divide 650786444?
False
Is 1319958576 a multiple of 144?
True
Is 41 a factor of 74779343?
False
Does 4103 divide 2009489383?
True
Does 602 divide 243123842?
False
Does 24 divide 235837400?
False
Is 280 a factor of 124194000?
True
Does 29 divide 85827421?
False
Is 1339626493 a multiple of 837?
False
Is 1352 a factor of 88489752?
True
Is 1852869922 a multiple of 83?
True
Is 37 a factor of 1554002146?
True
Does 43 divide 59656049?
False
Is 410 a factor of 1128168710?
True
Does 3 divide 271078?
False
Does 4 divide 443350036?
True
Is 2 a factor of 19729134?
True
Is 536 a factor of 235031176?
True
Is 210 a factor of 2442767250?
True
Is 27927723 a multiple of 61?
False
Is 991 a factor of 5350196926?
True
Is 3392396 a multiple of 224?
False
Does 23 divide 47986422?
False
Is 341866651 a multiple of 2599?
False
Is 48 a factor of 55908096?
True
Is 152 a factor of 12881202?
False
Is 113580782 a multiple of 3486?
False
Does 134 divide 271906368?
True
Does 11564 divide 242788221?
False
Does 30 divide 375384090?
True
Is 18969936 a multiple of 167?
False
Is 8 a factor of 813644?
False
Is 1335051298 a multiple of 14?
True
Is 12595113 a multiple of 1293?
True
Is 12 a factor of 1511851692?
True
Does 5317 divide 2648376432?
True
Does 499 divide 147689371?
False
Does 13 divide 689806195?
True
Is 17 a factor of 6759064?
True
Is 233 a factor of 83577799?
True
Is 139 a factor of 333852285?
True
Does 1501 divide 131077827?
True
Does 79 divide 315645764?
True
Does 14 divide 192122308?
True
Does 14 divide 1159867899?
False
Is 67 a factor of 178841559?
True
Does 45 divide 30494475?
True
Is 254607930 a multiple of 10?
True
Is 170 a factor of 210174631?
False
Is 157780503 a multiple of 1653?
True
Is 418 a factor of 159147606?
False
Does 3 divide 58564127?
False
Does 35 divide 26526468?
False
Does 2 divide 11525791?
False
Does 223 divide 190734721?
False
Is 827 a factor of 17338055?
True
Is 13569500 a multiple of 100?
True
Is 62 a factor of 236010068?
True
Is 137 a factor of 1572194738?
True
Is 2485 a factor of 116536791?
False
Does 46 divide 27158841?
False
Is 38 a factor of 45221815?
False
Does 97 divide 324824870?
True
Is 145 a factor of 580089479?
False
Is 257930940 a multiple of 30?
True
Is 167223867 a multiple of 1222?
False
Is 48 a factor of 108802896?
True
Is 228447125 a multiple of 307?
False
Is 3378 a factor of 646947804?
True
Is 3 a factor of 20329927?
False
Is 1679 a factor of 474624757?
True
Does 154 divide 454377494?
False
Does 8 divide 104200184?
True
Is 12664 a factor of 423104240?
True
Is 30 a factor of 190795830?
True
Does 45 divide 7734672?
False
Does 16 divide 27163104?
True
Is 38733600 a multiple of 200?
True
Is 15155305 a multiple of 781?
True
Is 68934318 a multiple of 57?
True
Does 451 divide 112687331?
False
Is 186827983 a multiple of 146?
False
Is 348 a factor of 308454672?
True
Is 9120816 a multiple of 258?
True
Is 73 a factor of 56488